 14/5*(12 - 17). Let f be d(j). What is the units digit of 2/(-4*(-3)/f)?
0
Let y be (-9 - -1) + (4 - 8). Let f be 4/y - 10/(-3). Suppose -j + 57 = -4*b, j - f*j + 5*b = -117. What is the tens digit of j?
6
Suppose -3*i + 5*p = 5, -4 - 1 = -5*i + 5*p. Suppose -g + 217 - 66 = i*m, -4*m + 2*g + 118 = 0. Let q = m - 14. What is the units digit of q?
6
Let v(s) = s - 12. Let j be v(12). Let c = 19 - j. What is the units digit of c?
9
What is the tens digit of (130 - 3053)*(-1*2)/2?
2
Let z(g) be the first derivative of 7*g**2/2 - 31*g - 6. What is the tens digit of z(14)?
6
Suppose -128 = 4*v - 576. What is the units digit of v?
2
Suppose 5*c + 928 = f + 9*c, f - 5*c = 883. What is the hundreds digit of f?
9
Suppose -4*q + 5*n - 29 = 0, -8*n + 4*n + 15 = 5*q. Let j(r) be the second derivative of -5*r**3/3 + r**2/2 - r. What is the tens digit of j(q)?
1
Suppose 119*t - 125*t = -10500. What is the thousands digit of t?
1
Let s(n) = 4 - 2*n - 13 - 3*n - 8*n. What is the units digit of s(-10)?
1
Let w be (65/(-13))/((-1)/18). Suppose -o - w = -7*o. What is the tens digit of o?
1
Let p(d) = -6*d - 156. What is the units digit of p(-36)?
0
What is the units digit of (306/5)/((18/(-5))/(-9))?
3
Let z(h) = -5*h**3 - 1. Let c be z(-1). Suppose c*m = -2*r, 5*r + 0*m - 3*m - 52 = 0. Suppose -r*b + 12*b - 84 = 0. What is the tens digit of b?
2
Suppose w + w = -5*n + 1230, 0 = -3*n - 2*w + 734. What is the units digit of n?
8
Suppose 26766 = -155*t + 173*t. What is the thousands digit of t?
1
Let u(r) = -r**2 - r + 1. Let v(p) = -p**3 + 7*p**2 + p + 12. Let x(k) = 5*u(k) - v(k). What is the tens digit of x(13)?
8
Suppose -136701 + 4989 = -64*n. What is the tens digit of n?
5
Let r(k) = 2*k**2 + 22*k + 50. What is the units digit of r(-10)?
0
Suppose 9*c - 24*c + 10425 = 0. What is the tens digit of c?
9
Let l(y) = 6*y**3 - 6*y**2 - 20. Let f be l(5). Suppose 2*s = 4*u + 6*s - 608, -4*u = -3*s - f. What is the hundreds digit of u?
1
Suppose -23431 = -38*n - 1277. What is the tens digit of n?
8
Let g be (-42)/4*(-2)/(-3). What is the tens digit of g/(-7) - (-41 + -2)?
4
Let k = -4 - 21. Let d = -30 + 77. Let m = d + k. What is the units digit of m?
2
Let h(f) = 3*f - 1. Let p(s) = 10 + 5*s**2 - 6*s**2 + 3*s - 7 - 2*s**3. Let i be p(-2). What is the tens digit of h(i)?
2
Suppose -7*c = -19*c + 2784. What is the tens digit of c?
3
Let l be 0 - (2/6)/((-1)/9). Suppose -l*q = -48 - 123. What is the tens digit of q?
5
Let j = 151 + -85. Let c = 118 - j. Let x = -31 + c. What is the units digit of x?
1
What is the tens digit of (224/12 - 4)*(0 - -18)?
6
Let g(v) = 3*v**2 - 20*v - 62. What is the units digit of g(20)?
8
Suppose 0 = 3*c - 9, 3*y + c - 1687 = -250. What is the tens digit of y?
7
What is the units digit of 24/20*(-3425)/(-10)?
1
Suppose -80 = 8*a - 960. Let r = a - 33. Suppose -g - g + r = -5*s, 4*g = -3*s + 167. What is the units digit of g?
1
Let x = 34 - 8. Suppose -4*v - 3*p + x = 0, -4*v - v - p = -38. What is the units digit of v?
8
Let u(b) = 7*b**2 + 5*b + 18. Let k(w) = 13*w**2 + 9*w + 35. Let p(l) = 6*k(l) - 11*u(l). What is the units digit of p(8)?
8
Let a(h) = h**2 - h + 2. Let u be a(2). Suppose u*v - 2*v = 6. Suppose -v*i = 1 - 4. What is the units digit of i?
1
Let a be (-3 - -9)*(-2)/(-3). What is the tens digit of a/2*((-1 - -41) + -3)?
7
Suppose 0 = -5*q + 4*f - 0 + 3, q + 7 = -3*f. Let z be 3 - 1 - q - -13. Let a = -14 + z. What is the units digit of a?
2
Let p(y) = y - 5. Let t be p(-5). Let o = t + 9. What is the tens digit of ((3*18)/o)/(-2)?
2
What is the units digit of ((-9)/(-2) - 35/7)*-12?
6
Let r be (330/40)/(1/12). Let t = -44 + r. What is the tens digit of t?
5
Suppose -44*m + 73658 = -18*m. What is the units digit of m?
3
Suppose 6 = 5*b - 2*y, 5*b - 10 = 2*b - 2*y. What is the units digit of b*(-356)/(-16)*2?
9
Suppose 2 = -5*h - 4*g, -2*h + 2*g = -0*h - 10. Suppose 0*l + 134 = 3*l + h*c, -2*c = l - 46. What is the units digit of l?
4
Suppose 0 = 5*b - 5*a + 45, 3*b + 1 + 6 = -a. Let k be -76*(-2)/4 - b. Suppose -2*c - 4*j = -k, -5*c + 138 = -3*j - 19. What is the units digit of c?
9
Suppose 9*v - 11*v = -338. Suppose 6*y - 565 + v = 0. What is the tens digit of y?
6
What is the tens digit of 2364/8*6/9?
9
What is the units digit of 3/((42/1799)/6)?
1
Suppose -3*j + t + 288 + 706 = 0, 5*t - 1670 = -5*j. What is the tens digit of j?
3
What is the units digit of (-4)/((-17)/((-13770)/(-20)))?
2
Suppose 13*m = 12*m + 311. What is the tens digit of m?
1
Let u = 458 + 452. What is the hundreds digit of u?
9
Suppose -2*n - 2*t + 4 = 0, -3*t + 1 + 3 = 2*n. Suppose b + 41 = n*b. Let v = b + 3. What is the units digit of v?
4
Suppose 0 = -2*b + b + 1. Suppose 4*u = 5 - b. What is the units digit of u + 4 - (-2 - -3)?
4
Let f = 37 + -18. Suppose f = -w + 6. What is the units digit of (1 + 0)/(w/(-429))?
3
Let t(n) = n**2 + 16*n + 26. Let a(c) = c + 1. Let d(w) = -3*a(w) - t(w). What is the units digit of d(-11)?
9
Let q(h) be the third derivative of -5*h**4/24 + h**3/6 - 10*h**2. What is the tens digit of q(-13)?
6
Let c be 6*2*2/(-4). Let x = 8 + c. What is the tens digit of (-2 + 1/x)*-12?
1
Let p(q) = 4*q**3 + 7*q**2 - 5*q + 3. Let a(o) = -5*o**3 - 6*o**2 + 6*o - 2. Let u(k) = 3*a(k) + 4*p(k). What is the tens digit of u(-8)?
5
Let n(o) = o**3 + 10*o**2 - 6*o - 9. Let h be n(-9). Suppose 0 = j + j - h. What is the units digit of j?
3
Let j(l) = l**2 + 23*l - 132. What is the hundreds digit of j(22)?
8
Suppose -5*m + 3*r = -8, -4*m + 4 = -2*r - 2. Let h(i) = -6*i**3 + i**2 - 1. Let n be h(m). Let k = n + 12. What is the units digit of k?
6
Let j be (-20)/90 - (-634)/18. Let q = j + 12. What is the units digit of q?
7
Let d(o) = -o**2 - 3*o - 12. Let y be d(-5). What is the units digit of (-588)/(-9) + (y/(-6) - 3)?
6
Let g = 86 - 59. Suppose -g = r - 10*r. What is the units digit of r?
3
Let s = -170 - -271. What is the tens digit of s?
0
Let u = 53 - 34. Suppose u*v = 21*v + 68. Let x = v + 63. What is the tens digit of x?
2
Suppose 5*g - 127 = 3*s + 39, 4*g = -16. What is the tens digit of (s/10)/(2/(-10))?
3
Let c = -3 + 28. Suppose 0 = -2*f - 3*f + c, -178 = -3*l + 4*f. What is the units digit of l?
6
Suppose -4*w - 2 = c - 8, -c + 1 = -w. Suppose -p = -c*v + 174, 0 = -p - 0*p. What is the tens digit of v?
8
Let u = 17 + -14. Suppose -3*x + 32 = x + 3*r, -3*r + 24 = u*x. What is the units digit of x?
8
Suppose -20*y = -9*y - 5203. What is the tens digit of y?
7
Let w(o) = -o - 2. Let v be w(-7). Suppose 0*k = -v*k + 230. Suppose -2*a + 4*a - k = -2*r, -4*r - 20 = 0. What is the units digit of a?
8
Let t be (3 - -2 - 3) + 0. Suppose -5*s - 41 = -i + t*i, -3*i - 11 = s. Let u(h) = h**2 + 9*h + 9. What is the units digit of u(s)?
1
Let h = 790 - -162. What is the hundreds digit of h?
9
What is the units digit of (-9)/18 - (-4221)/6?
3
Suppose -6 = -4*j + 6, -2*k + 2*j = -2. Let d(n) = -22*n + 2. Let g be d(k). Let v = -55 - g. What is the units digit of v?
1
Let u(f) = -3*f + 14. Suppose -7 = 5*h + 23. What is the tens digit of u(h)?
3
Let l(z) = -2*z - 40. Let m be l(-18). What is the tens digit of (-1)/(m/2820*3)?
3
Suppose -42*d + 1719 = -33*d. What is the units digit of d?
1
Suppose -4*z - 72 = -6*d + 2*d, 4*d + 16 = 0. Let i = -12 - z. Suppose -6*y - i = -y - 4*p, -4*p = -2*y - 16. What is the units digit of y?
2
Let m(f) = -7*f. Let h(n) = 2*n. Let j(y) = -9*h(y) - 2*m(y). Suppose -31 = 4*a - 7. What is the tens digit of j(a)?
2
Let b = -265 + 459. Suppose 2*n + 10 = 4*n. Suppose -n*u + b - 9 = 0. What is the tens digit of u?
3
Suppose 9*i - 71 = 514. Suppose 465 = 5*p + i. What is the tens digit of p?
8
Suppose 0 = -60*c + 77*c - 41463. What is the tens digit of c?
3
Suppose 88 = -4*d - 3*g, -72 = 5*d + 5*g + 43. Let p = d - -19. Suppose -5*j + 64 + 21 = p. What is the tens digit of j?
1
Let j be (-17)/51 - 2/(-6). Suppose -c + 251 - 19 = j. Suppose -20 = 5*w, i + 3*i - c = 5*w. What is the tens digit of i?
5
Suppose -5*i - 4*w + 3042 = 0, -3*i + 4*w - 1212 = -5*i. What is the units digit of i?
0
Let m(a) = 36*a + 1. Let i(l) be the third derivative of l**6/120 + l**5/20 + l**4/12 + 7*l**3/6 - 4*l**2. Let k be i(-3). What is the units digit of m(k)?
7
What is the units digit of ((-6)/(-8))/((-39)/(-10712))?
6
Let q(s) 